{"id":1387,"date":"2023-03-26T01:17:40","date_gmt":"2023-03-26T04:17:40","guid":{"rendered":"https:\/\/semprealertagestaoservicos.com.br\/?page_id=1387"},"modified":"2025-08-08T22:35:32","modified_gmt":"2025-08-09T01:35:32","slug":"contato","status":"publish","type":"page","link":"https:\/\/semprealertagestaoservicos.com.br\/?page_id=1387","title":{"rendered":""},"content":{"rendered":"\n<div class=\"wp-block-columns is-layout-flex wp-container-core-columns-is-layout-28f84493 wp-block-columns-is-layout-flex\">\n<div class=\"wp-block-column is-layout-flow wp-block-column-is-layout-flow\">\n<p class=\"has-text-align-center has-x-large-font-size\"><strong>OUVIDORIA<\/strong><\/p>\n\n\n\n<blockquote class=\"wp-block-quote is-layout-flow wp-block-quote-is-layout-flow\">\n<p><\/p>\n<\/blockquote>\n<\/div>\n<\/div>\n\n\n\n<div class=\"wp-block-columns is-layout-flex wp-container-core-columns-is-layout-28f84493 wp-block-columns-is-layout-flex\">\n<div class=\"wp-block-column is-layout-flow wp-block-column-is-layout-flow\">\n<p class=\"has-text-align-center has-large-font-size\" style=\"line-height:1.6\">Envie uma sugest\u00e3o, reclama\u00e7\u00e3o, elogio ou den\u00fancia atrav\u00e9s do formul\u00e1rio abaixo:<\/p>\n<\/div>\n<\/div>\n\n\n<div class=\"wpforms-container wpforms-block wpforms-block-8d485c72-98c5-40a4-b73a-fdc17001e7ac\" id=\"wpforms-1351\"><form id=\"wpforms-form-1351\" class=\"wpforms-validate wpforms-form wpforms-ajax-form\" data-formid=\"1351\" method=\"post\" enctype=\"multipart\/form-data\" action=\"\/index.php?rest_route=%2Fwp%2Fv2%2Fpages%2F1387\" data-token=\"c933ab81f17d58c6bb8fb8244305f0fa\" data-token-time=\"1776860157\"><noscript class=\"wpforms-error-noscript\">Ative o JavaScript no seu navegador para preencher este formul\u00e1rio.<\/noscript><div class=\"wpforms-field-container\"><div id=\"wpforms-1351-field_4-container\" class=\"wpforms-field wpforms-field-radio wpforms-list-inline\" data-field-id=\"4\"><label class=\"wpforms-field-label\">Especifique seu contato <span class=\"wpforms-required-label\">*<\/span><\/label><ul id=\"wpforms-1351-field_4\" class=\"wpforms-field-required\"><li class=\"choice-1 depth-1\"><input type=\"radio\" id=\"wpforms-1351-field_4_1\" name=\"wpforms[fields][4]\" value=\"Sugest\u00e3o\" required ><label class=\"wpforms-field-label-inline\" for=\"wpforms-1351-field_4_1\">Sugest\u00e3o<\/label><\/li><li class=\"choice-2 depth-1\"><input type=\"radio\" id=\"wpforms-1351-field_4_2\" name=\"wpforms[fields][4]\" value=\"Reclama\u00e7\u00e3o\" required ><label class=\"wpforms-field-label-inline\" for=\"wpforms-1351-field_4_2\">Reclama\u00e7\u00e3o<\/label><\/li><li class=\"choice-3 depth-1\"><input type=\"radio\" id=\"wpforms-1351-field_4_3\" name=\"wpforms[fields][4]\" value=\"Elogio\" required ><label class=\"wpforms-field-label-inline\" for=\"wpforms-1351-field_4_3\">Elogio<\/label><\/li><li class=\"choice-4 depth-1\"><input type=\"radio\" id=\"wpforms-1351-field_4_4\" name=\"wpforms[fields][4]\" value=\"Den\u00fancia\" required ><label class=\"wpforms-field-label-inline\" for=\"wpforms-1351-field_4_4\">Den\u00fancia<\/label><\/li><\/ul><\/div><div id=\"wpforms-1351-field_0-container\" class=\"wpforms-field wpforms-field-name\" data-field-id=\"0\"><label class=\"wpforms-field-label\" for=\"wpforms-1351-field_0\">Nome (Opcional)<\/label><input type=\"text\" id=\"wpforms-1351-field_0\" class=\"wpforms-field-medium\" name=\"wpforms[fields][0]\" ><div class=\"wpforms-field-description\">Digite seu nome ou deixa em branco se preferir.<\/div><\/div><div id=\"wpforms-1351-field_1-container\" class=\"wpforms-field wpforms-field-email\" data-field-id=\"1\"><label class=\"wpforms-field-label\" for=\"wpforms-1351-field_1\">Email (Opcional)<\/label><input type=\"email\" id=\"wpforms-1351-field_1\" class=\"wpforms-field-medium\" name=\"wpforms[fields][1]\" spellcheck=\"false\" ><div class=\"wpforms-field-description\">Digite seu email ou deixa em branco se preferir.<\/div><\/div><div id=\"wpforms-1351-field_3-container\" class=\"wpforms-field wpforms-field-number\" data-field-id=\"3\"><label class=\"wpforms-field-label\" for=\"wpforms-1351-field_3\">Telefone (opcional)<\/label><input type=\"number\" id=\"wpforms-1351-field_3\" class=\"wpforms-field-medium\" name=\"wpforms[fields][3]\" value=\"(  )     -\" step=\"any\" ><div class=\"wpforms-field-description\">Digite seu telefone ou deixa em branco se preferir.<\/div><\/div><div id=\"wpforms-1351-field_2-container\" class=\"wpforms-field wpforms-field-textarea\" data-field-id=\"2\"><label class=\"wpforms-field-label\" for=\"wpforms-1351-field_2\">Descreva: <\/label><textarea id=\"wpforms-1351-field_2\" class=\"wpforms-field-medium\" name=\"wpforms[fields][2]\" ><\/textarea><\/div><\/div><!-- .wpforms-field-container --><div class=\"wpforms-submit-container\" ><input type=\"hidden\" name=\"wpforms[id]\" value=\"1351\"><input type=\"hidden\" name=\"page_title\" value=\"\"><input type=\"hidden\" name=\"page_url\" value=\"https:\/\/semprealertagestaoservicos.com.br\/index.php?rest_route=\/wp\/v2\/pages\/1387\"><input type=\"hidden\" name=\"url_referer\" value=\"\"><button type=\"submit\" name=\"wpforms[submit]\" id=\"wpforms-submit-1351\" class=\"wpforms-submit\" data-alt-text=\"Enviando...\" data-submit-text=\"Enviar\" aria-live=\"assertive\" value=\"wpforms-submit\">Enviar<\/button><img loading=\"lazy\" decoding=\"async\" src=\"https:\/\/semprealertagestaoservicos.com.br\/wp-content\/plugins\/wpforms-lite\/assets\/images\/submit-spin.svg\" class=\"wpforms-submit-spinner\" style=\"display: none;\" width=\"26\" height=\"26\" alt=\"Carregando\"><\/div><\/form><\/div>  <!-- .wpforms-container -->\n\n\n<div class=\"wp-block-columns has-ast-global-color-0-background-color has-background has-medium-font-size is-layout-flex wp-container-core-columns-is-layout-28f84493 wp-block-columns-is-layout-flex\">\n<div class=\"wp-block-column is-layout-flow wp-block-column-is-layout-flow\">\n<h6 class=\"wp-block-heading has-text-align-center\">MISS\u00c3O<\/h6>\n\n\n\n<p class=\"has-text-align-center\">Fornecer m\u00e3o de obra com a compet\u00eancia necess\u00e1ria para atender com efici\u00eancia e efic\u00e1cia<br>as demandas dos clientes, de modo a superar as suas expectativas, sempre em conformidade com<br>requisitos legais, regulamentares e seu Programa de Integridade.<\/p>\n<\/div>\n\n\n\n<div class=\"wp-block-column is-layout-flow wp-block-column-is-layout-flow\">\n<h6 class=\"wp-block-heading has-text-align-center\">VIS\u00c3O<\/h6>\n\n\n\n<p>Manter-se atuante em seu segmento de atua\u00e7\u00e3o, sendo refer\u00eancia para clientes, governo e<br>empresas concorrentes.<\/p>\n<\/div>\n\n\n\n<div class=\"wp-block-column is-layout-flow wp-block-column-is-layout-flow\">\n<h6 class=\"wp-block-heading has-text-align-center\">VALORES<\/h6>\n\n\n\n<p class=\"has-text-align-center\">A Sempre Alerta preza pela \u00e9tica, transpar\u00eancia, comprometimento e respeito, propiciando aos seus colaboradores um ambiente de respeito, livre de ass\u00e9dios e discrimina\u00e7\u00f5es.<\/p>\n<\/div>\n<\/div>\n\n\n\n<div class=\"wp-block-columns has-ast-global-color-0-background-color has-background has-medium-font-size is-layout-flex wp-container-core-columns-is-layout-28f84493 wp-block-columns-is-layout-flex\">\n<div class=\"wp-block-column is-layout-flow wp-block-column-is-layout-flow\">\n<h6 class=\"wp-block-heading has-text-align-center\">Endere\u00e7o:<\/h6>\n\n\n\n<p class=\"has-text-align-center\">SAAN, Quadra 01, Lt 1290, Bras\u00edlia-DF<br>CEP: 70.632-100<br>61-3201-4664<\/p>\n<\/div>\n\n\n\n<div class=\"wp-block-column is-layout-flow wp-block-column-is-layout-flow\">\n<h6 class=\"wp-block-heading has-text-align-center\">Email:<\/h6>\n\n\n\n<p class=\"has-text-align-center\">semprealertaltda@gmail.com<\/p>\n<\/div>\n\n\n\n<div class=\"wp-block-column is-layout-flow wp-block-column-is-layout-flow\">\n<h6 class=\"wp-block-heading has-text-align-center\">Hor\u00e1rio de atendimento:<\/h6>\n\n\n\n<p class=\"has-text-align-center\">Segunda a Quinta 8h \u00e0s 18h<br>Sexta 8h \u00e0s 17h<\/p>\n<\/div>\n<\/div>\n","protected":false},"excerpt":{"rendered":"<p>OUVIDORIA Envie uma sugest\u00e3o, reclama\u00e7\u00e3o, elogio ou den\u00fancia atrav\u00e9s do formul\u00e1rio abaixo:<\/p>\n","protected":false},"author":1,"featured_media":0,"parent":0,"menu_order":0,"comment_status":"closed","ping_status":"closed","template":"","meta":{"site-sidebar-layout":"default","site-content-layout":"","ast-site-content-layout":"default","site-content-style":"default","site-sidebar-style":"default","ast-global-header-display":"","ast-banner-title-visibility":"","ast-main-header-display":"","ast-hfb-above-header-display":"","ast-hfb-below-header-display":"","ast-hfb-mobile-header-display":"","site-post-title":"","ast-breadcrumbs-content":"","ast-featured-img":"","footer-sml-layout":"","theme-transparent-header-meta":"","adv-header-id-meta":"","stick-header-meta":"","header-above-stick-meta":"","header-main-stick-meta":"","header-below-stick-meta":"","astra-migrate-meta-layouts":"set","ast-page-background-enabled":"default","ast-page-background-meta":{"desktop":{"background-color":"","background-image":"","background-repeat":"repeat","background-position":"center center","background-size":"auto","background-attachment":"scroll","background-type":"","background-media":"","overlay-type":"","overlay-color":"","overlay-opacity":"","overlay-gradient":""},"tablet":{"background-color":"","background-image":"","background-repeat":"repeat","background-position":"center center","background-size":"auto","background-attachment":"scroll","background-type":"","background-media":"","overlay-type":"","overlay-color":"","overlay-opacity":"","overlay-gradient":""},"mobile":{"background-color":"","background-image":"","background-repeat":"repeat","background-position":"center center","background-size":"auto","background-attachment":"scroll","background-type":"","background-media":"","overlay-type":"","overlay-color":"","overlay-opacity":"","overlay-gradient":""}},"ast-content-background-meta":{"desktop":{"background-color":"var(--ast-global-color-5)","background-image":"","background-repeat":"repeat","background-position":"center center","background-size":"auto","background-attachment":"scroll","background-type":"","background-media":"","overlay-type":"","overlay-color":"","overlay-opacity":"","overlay-gradient":""},"tablet":{"background-color":"var(--ast-global-color-5)","background-image":"","background-repeat":"repeat","background-position":"center center","background-size":"auto","background-attachment":"scroll","background-type":"","background-media":"","overlay-type":"","overlay-color":"","overlay-opacity":"","overlay-gradient":""},"mobile":{"background-color":"var(--ast-global-color-5)","background-image":"","background-repeat":"repeat","background-position":"center center","background-size":"auto","background-attachment":"scroll","background-type":"","background-media":"","overlay-type":"","overlay-color":"","overlay-opacity":"","overlay-gradient":""}},"footnotes":""},"class_list":["post-1387","page","type-page","status-publish","hentry"],"_links":{"self":[{"href":"https:\/\/semprealertagestaoservicos.com.br\/index.php?rest_route=\/wp\/v2\/pages\/1387","targetHints":{"allow":["GET"]}}],"collection":[{"href":"https:\/\/semprealertagestaoservicos.com.br\/index.php?rest_route=\/wp\/v2\/pages"}],"about":[{"href":"https:\/\/semprealertagestaoservicos.com.br\/index.php?rest_route=\/wp\/v2\/types\/page"}],"author":[{"embeddable":true,"href":"https:\/\/semprealertagestaoservicos.com.br\/index.php?rest_route=\/wp\/v2\/users\/1"}],"replies":[{"embeddable":true,"href":"https:\/\/semprealertagestaoservicos.com.br\/index.php?rest_route=%2Fwp%2Fv2%2Fcomments&post=1387"}],"version-history":[{"count":20,"href":"https:\/\/semprealertagestaoservicos.com.br\/index.php?rest_route=\/wp\/v2\/pages\/1387\/revisions"}],"predecessor-version":[{"id":1586,"href":"https:\/\/semprealertagestaoservicos.com.br\/index.php?rest_route=\/wp\/v2\/pages\/1387\/revisions\/1586"}],"wp:attachment":[{"href":"https:\/\/semprealertagestaoservicos.com.br\/index.php?rest_route=%2Fwp%2Fv2%2Fmedia&parent=1387"}],"curies":[{"name":"wp","href":"https:\/\/api.w.org\/{rel}","templated":true}]}}